{"version":"1.0","provider_name":"Any\u00e1knak - Any\u00e1t\u00f3l ! ","provider_url":"https:\/\/anyafigyelj.cafeblog.hu","author_name":"Jucus","author_url":"https:\/\/anyafigyelj.cafeblog.hu\/author\/j-pivnyikgmail-com\/","title":"Baba-stylist","html":"<p style=\"text-align: justify;\">Hogy nek\u00fcnk mekkora hatalmunk van!<\/p>\r\n<p style=\"text-align: justify;\">St\u00edlusteremt\u0151 dikt\u00e1torok. Ikonok. D\u00edv\u00e1k!<\/p>\r\n<p style=\"text-align: justify;\"><a href=\"http:\/\/anyafigyelj.files.wordpress.com\/2012\/09\/kifutc3b32.jpg\"><img class=\"alignleft\" title=\"kifut\u00f3\" src=\"http:\/\/anyafigyelj.files.wordpress.com\/2012\/09\/kifutc3b32.jpg?w=131\" alt=\"St\u00edlusteremt\u0151\" width=\"131\" height=\"300\" \/><\/a>Hiszen \u00e1lland\u00f3an a szem\u00fck el\u0151tt vagyunk. S\u0151t, az els\u0151 p\u00e1r h\u00f3napban csak mi vagyunk a rivaldaf\u00e9nyben. Mi vagyunk a\u00a0 f\u00f3kuszban \u00e9jjel - nappal: pelenk\u00e1z\u00e1sn\u00e1l, altat\u00e1sn\u00e1l, etet\u00e9sn\u00e9l, mindenkor. \u00c9s ha m\u00e1r j\u00e1r, \u00e9s besz\u00e9l, \u00e9s n\u00e9zel\u0151dik, akkor is minket l\u00e1t - \u00e9s minket keres - a nap t\u00falnyom\u00f3 r\u00e9sz\u00e9ben.<\/p>\r\n<p style=\"text-align: justify;\">H\u00e1t csoda, ha mi hat\u00e1rozzuk meg az \u00edzl\u00e9s\u00e9t?<\/p>\r\n<p style=\"text-align: justify;\">Tal\u00e1n esz\u00fcnkbe sem jut, hogy mi, akiknek olykor semmi ideje sincs arcot \u00e1polni, hajat sz\u00e1r\u00edtani, sminkelni, divatosan \u00f6lt\u00f6zk\u00f6dni, mi mennyire meghat\u00e1rozzuk majd a picuri \u00edzl\u00e9svil\u00e1g\u00e1t. Minket l\u00e1t, minket szeret. Nat\u00far vagy kik\u00e9sz\u00edtve. Amilyenek mi vagyunk \u00e9s amire k\u00e9pesek vagyunk.<\/p>\r\n<p style=\"text-align: justify;\">\u00c9s ezt az \u00e1br\u00e1zatot, mimikarendszert, k\u00fclcs\u00ednt, modort fogja d\u00edjazni eg\u00e9sz \u00e9let\u00e9n \u00e1t. A hozz\u00e1nk hasonl\u00f3 emberek t\u00e1rsas\u00e1g\u00e1ra fog v\u00e1gyni, vel\u00fck fog bar\u00e1tkozni, vel\u00fck fog \u00e9lni.<\/p>\r\n<p style=\"text-align: justify;\">Hiszen mi vagyunk az etalon!<\/p>\r\n<p style=\"text-align: right;\"><em>H\u00e1t van b\u00e1rkinek is ett\u0151l nagyobb hatalma?<\/em><\/p>\r\n<p style=\"text-align: right;\">Tal\u00e1n any\u00f3sunknak. Akire mi hasonl\u00edtunk.\r\n????<\/p>","type":"rich"}

Anyáknak - Anyától !

<p style="text-align: justify;">Hogy nekünk mekkora hatalmunk van!</p>
<p style="text-align: justify;">Stílusteremtő diktátorok. Ikonok. Dívák!</p>
<p style="text-align: justify;"><a href="http://anyafigyelj.files.wordpress.com/2012/09/kifutc3b32.jpg"><img class="alignleft" title="kifutó" src="http://anyafigyelj.files.wordpress.com/2012/09/kifutc3b32.jpg?w=131" alt="Stílusteremtő" width="131" height="300" /></a>Hiszen állandóan a szemük előtt vagyunk. Sőt, az első pár hónapban csak mi vagyunk a rivaldafényben. Mi vagyunk a  fókuszban éjjel - nappal: pelenkázásnál, altatásnál, etetésnél, mindenkor. És ha már jár, és beszél, és nézelődik, akkor is minket lát - és minket keres - a nap túlnyomó részében.</p>
<p style="text-align: justify;">Hát csoda, ha mi határozzuk meg az ízlését?</p>
<p style="text-align: justify;">Talán eszünkbe sem jut, hogy mi, akiknek olykor semmi ideje sincs arcot ápolni, hajat szárítani, sminkelni, divatosan öltözködni, mi mennyire meghatározzuk majd a picuri ízlésvilágát. Minket lát, minket szeret. Natúr vagy kikészítve. Amilyenek mi vagyunk és amire képesek vagyunk.</p>
<p style="text-align: justify;">És ezt az ábrázatot, mimikarendszert, külcsínt, modort fogja díjazni egész életén át. A hozzánk hasonló emberek társaságára fog vágyni, velük fog barátkozni, velük fog élni.</p>
<p style="text-align: justify;">Hiszen mi vagyunk az etalon!</p>
<p style="text-align: right;"><em>Hát van bárkinek is ettől nagyobb hatalma?</em></p>
<p style="text-align: right;">Talán anyósunknak. Akire mi hasonlítunk.
????</p>
