{"version":"1.0","provider_name":"Any\u00e1knak - Any\u00e1t\u00f3l ! ","provider_url":"https:\/\/anyafigyelj.cafeblog.hu","author_name":"Jucus","author_url":"https:\/\/anyafigyelj.cafeblog.hu\/author\/j-pivnyikgmail-com\/","title":"V\u00e1ltoztass, ha v\u00e1ltoztatsz!","html":"<p style=\"text-align: justify\">Meggy\u0151z\u0151d\u00e9sem, hogy helyzetek ad\u00f3dnak a v\u00e1ltoztat\u00e1sra. Csak \u00e9szre kell \u0151ket venni.<\/p>\r\n<p style=\"text-align: justify\">K\u00f6lt\u00f6z\u00e9s, betegs\u00e9g, kir\u00e1ndul\u00e1s vagy csak \u00e1gycsere.<\/p>\r\n<p style=\"text-align: justify\">B\u00e1rmilyen k\u00f6r\u00fclm\u00e9ny, ami \u00e9rinti az altat\u00e1st. Amikor \u0151 maga is kiz\u00f6kkent., s nem tudja, mi a megszokott, mit v\u00e1rhat el az \u00faj helyzett\u0151l. Veled ellent\u00e9tben, neki nincsenek \u00f6tletei. R\u00e1d v\u00e1r. Mit teszel.<\/p>\r\n<p style=\"text-align: justify\">Persze biztosan vannak elv\u00e1r\u00e1sai. P\u00e9ld\u00e1ul a szopi. Az \u00e9bred\u00e9sek, a a cumiz\u00e1s.<\/p>\r\n<p style=\"text-align: justify\"><a href=\"http:\/\/anyafigyelj.files.wordpress.com\/2012\/09\/babac3a1lom211.jpg\"><img class=\"alignright\" title=\"baba\u00e1lom\" src=\"\" alt=\"Baba\u00e1lom\" width=\"175\" height=\"344\" \/><\/a>De ha Te veszed kezedbe az ir\u00e1ny\u00edt\u00e1st, s hat\u00e1rozottan fel\u00e1ll\u00edtod az \u00faj szab\u00e1lyokat, v\u00e9lhet\u0151en elfogadja azokat. Nem biztos, hogy r\u00f6gt\u00f6n. Nem biztos, hogy \u00fagy, ahogy szeretn\u00e9d. De legal\u00e1bb elindultok az \u00faton.<\/p>\r\n<p style=\"text-align: justify\">Merj l\u00e9pni!<\/p>\r\n<p style=\"text-align: justify\">Mi mindig akkor v\u00e1ltottunk altat\u00e1si ritu\u00e1l\u00e9t, ha v\u00e1ltozott valami. Az utols\u00f3 ilyen eset a Kicsi \u00e9jszakai \u00e9bred\u00e9sei miatt t\u00f6rt\u00e9nt. Azaz nem t\u00f6rt\u00e9nt. \u00c9n v\u00e1ltoztattam a k\u00f6r\u00fclm\u00e9nyeken. Velem aludt, cumival. Ami ugye \u00e9n voltam. \u00d3r\u00e1nk\u00e9nt k\u00e9rte. Csak \u00fagy.<\/p>\r\n<p style=\"text-align: justify\">Meguntam \u2013 17 h\u00f3nap ut\u00e1n\u2026<\/p>\r\n<p style=\"text-align: justify\">\u00c1tk\u00f6lt\u00f6ztettem a n\u0151v\u00e9r\u00e9hez. \u00daj szoba- \u00faj \u00e1gy \u2013 \u00faj k\u00f6zeg.<\/p>\r\n<p style=\"text-align: justify\">Csak a r\u00e9gi \u00e1gy\u00e1ban kap szopit lefekv\u00e9s el\u0151tt. Azt\u00e1n\u00a0 m\u00e9g \u00e9bren az \u00e1gy\u00e1ba teszem. Sajnos 4-5 \u00e9jszak\u00e1nkba telt, am\u00edg azt is megszokta, hogy abban az \u00e1gyban hi\u00e1ba \u00e9bred \u00e9jjel, nem kap \u2018cumit\u2019. \u00c9s l\u00e1ss csod\u00e1t: \u00e1talussza az \u00e9jszak\u00e1t. \u00d6sszef\u00fcgg\u0151 6-7 \u00f3r\u00e1kat alszom! 3,5 \u00e9ve el\u0151sz\u00f6r!<\/p>\r\n<p style=\"text-align: justify\">Az els\u0151 p\u00e1r napon mertem kimenni, \u00e9s otthagyni egyed\u00fcl elaludni. De mostm\u00e1r olyan becses nekem a nyugalmam, hogy bennmaradok, am\u00edg el nem alszik.<\/p>\r\n<p style=\"text-align: justify\">M\u00e1r nem 3 perc alatt alszik el, hanem 20. Mert \u00e9nekel nekem, puszilgat, forog. Azt\u00e1n mag\u00e1t\u00f3l, oldalra fordulva kid\u0151l.<\/p>\r\n<p style=\"text-align: justify\">\u00c9s \u00e9n is.<\/p>\r\n<p style=\"text-align: justify\">Igen, ezt elrontottam. Milyen sz\u00e9p lett volna: beteszem az \u00e1gyba, azt\u00e1n iszkiri. Most megint altatom. Mint a n\u0151v\u00e9r\u00e9t.<\/p>\r\n<p style=\"text-align: center\">Valamit megint tal\u00e1lhatok ki, hogy fogom err\u0151l is leszoktatni\u2026.<\/p>","type":"rich"}

Anyáknak - Anyától !

Változtass, ha változtatsz!

<p style="text-align: justify">Meggyőződésem, hogy helyzetek adódnak a változtatásra. Csak észre kell őket venni.</p>
<p style="text-align: justify">Költözés, betegség, kirándulás vagy csak ágycsere.</p>
<p style="text-align: justify">Bármilyen körülmény, ami érinti az altatást. Amikor ő maga is kizökkent., s nem tudja, mi a megszokott, mit várhat el az új helyzettől. Veled ellentétben, neki nincsenek ötletei. Rád vár. Mit teszel.</p>
<p style="text-align: justify">Persze biztosan vannak elvárásai. Például a szopi. Az ébredések, a a cumizás.</p>
<p style="text-align: justify"><a href="http://anyafigyelj.files.wordpress.com/2012/09/babac3a1lom211.jpg"><img class="alignright" title="babaálom" src="" alt="Babaálom" width="175" height="344" /></a>De ha Te veszed kezedbe az irányítást, s határozottan felállítod az új szabályokat, vélhetően elfogadja azokat. Nem biztos, hogy rögtön. Nem biztos, hogy úgy, ahogy szeretnéd. De legalább elindultok az úton.</p>
<p style="text-align: justify">Merj lépni!</p>
<p style="text-align: justify">Mi mindig akkor váltottunk altatási rituálét, ha változott valami. Az utolsó ilyen eset a Kicsi éjszakai ébredései miatt történt. Azaz nem történt. Én változtattam a körülményeken. Velem aludt, cumival. Ami ugye én voltam. Óránként kérte. Csak úgy.</p>
<p style="text-align: justify">Meguntam – 17 hónap után…</p>
<p style="text-align: justify">Átköltöztettem a nővéréhez. Új szoba- új ágy – új közeg.</p>
<p style="text-align: justify">Csak a régi ágyában kap szopit lefekvés előtt. Aztán  még ébren az ágyába teszem. Sajnos 4-5 éjszakánkba telt, amíg azt is megszokta, hogy abban az ágyban hiába ébred éjjel, nem kap ‘cumit’. És láss csodát: átalussza az éjszakát. Összefüggő 6-7 órákat alszom! 3,5 éve először!</p>
<p style="text-align: justify">Az első pár napon mertem kimenni, és otthagyni egyedül elaludni. De mostmár olyan becses nekem a nyugalmam, hogy bennmaradok, amíg el nem alszik.</p>
<p style="text-align: justify">Már nem 3 perc alatt alszik el, hanem 20. Mert énekel nekem, puszilgat, forog. Aztán magától, oldalra fordulva kidől.</p>
<p style="text-align: justify">És én is.</p>
<p style="text-align: justify">Igen, ezt elrontottam. Milyen szép lett volna: beteszem az ágyba, aztán iszkiri. Most megint altatom. Mint a nővérét.</p>
<p style="text-align: center">Valamit megint találhatok ki, hogy fogom erről is leszoktatni….</p>
